{"id":1173,"date":"2010-08-15T18:22:26","date_gmt":"2010-08-15T16:22:26","guid":{"rendered":"http:\/\/spvgg-fuerth.com\/?page_id=1173"},"modified":"2017-06-04T09:36:33","modified_gmt":"2017-06-04T07:36:33","slug":"saison-20102011","status":"publish","type":"page","link":"https:\/\/spvgg-fuerth.com\/?page_id=1173","title":{"rendered":"Saison 2010\/2011"},"content":{"rendered":"\n<div class=\"hinrunde\">\n<h3>Hinrunde<\/h3>\n<ul>\n<li>01 | <a href=\"http:\/\/spvgg-fuerth.com\/?p=2270\">SpVgg F\u00fcrth<\/a> (63) &#8211; <a href=\"http:\/\/spvgg-fuerth.com\/?page_id=2272\">Karlsruher SC<\/a> (8) | Sonntag, 22.08.2010<\/li>\n<li>02 | <a href=\"http:\/\/spvgg-fuerth.com\/?page_id=2677\">Union Berlin<\/a> (3) &#8211; <a href=\"http:\/\/spvgg-fuerth.com\/?p=2668\">SpVgg F\u00fcrth<\/a> (15) | Samstag, 28.08.2010<\/li>\n<li>03 | <a href=\"http:\/\/spvgg-fuerth.com\/?p=2702\">SpVgg F\u00fcrth<\/a> (60) &#8211; <a href=\"http:\/\/spvgg-fuerth.com\/?page_id=2708\">Alemannia Aachen<\/a> (9) | Sonntag, 12.09.2010<\/li>\n<li>04 | <a href=\"http:\/\/spvgg-fuerth.com\/?p=2726\">SpVgg F\u00fcrth<\/a> (21) &#8211; <a href=\"http:\/\/spvgg-fuerth.com\/?page_id=2733\">FSV Frankfurt<\/a> (1) | Freitag, 17.09.2010<\/li>\n<li>05 | Energie Cottbus &#8211; <a href=\"http:\/\/spvgg-fuerth.com\/?p=2737\">SpVgg F\u00fcrth<\/a> (5) | Dienstag, 21.09.2010<\/li>\n<li>06 | <a href=\"http:\/\/spvgg-fuerth.com\/?p=2741\">SpVgg F\u00fcrth<\/a> (25) &#8211; <a href=\"http:\/\/spvgg-fuerth.com\/?page_id=2744\">Ingolstadt<\/a> (18) | Samstag, 25.09.2010<\/li>\n<li>07 | VfL Bochum &#8211; <a href=\"http:\/\/spvgg-fuerth.com\/?p=2749\">SpVgg F\u00fcrth<\/a> (10) | Samstag 02.10.2010<\/li>\n<li>08 | <a href=\"http:\/\/spvgg-fuerth.com\/?p=2765\">SpVgg F\u00fcrth<\/a> (33) &#8211; <a href=\"http:\/\/spvgg-fuerth.com\/?page_id=2768\">VfL Osnabr\u00fcck<\/a> (12) | Freitag, 15.10.2010<\/li>\n<li>09 | Hertha BSC &#8211; <a href=\"http:\/\/spvgg-fuerth.com\/?p=2775\">SpVgg F\u00fcrth<\/a> (5) | Freitag, 22.10.2010<\/li>\n<li>10 | <a href=\"http:\/\/spvgg-fuerth.com\/?p=2789\">SpVgg F\u00fcrth<\/a> (36) &#8211; <a href=\"http:\/\/spvgg-fuerth.com\/?page_id=2793\">Wismut Aue<\/a> (4) | Freitag, 29.10.2010<\/li>\n<li>11 | MSV Duisburg &#8211; <a href=\"http:\/\/spvgg-fuerth.com\/?p=2799\">SpVgg F\u00fcrth<\/a> (7) | Samstag, 06.11.2010<\/li>\n<li>12 | <a href=\"http:\/\/spvgg-fuerth.com\/?p=2810\">SpVgg F\u00fcrth<\/a> (54) &#8211; <a href=\"http:\/\/spvgg-fuerth.com\/?page_id=2813\">FC Augsburg<\/a> (13) | Freitag, 12.11.2010<\/li>\n<li>13 | Paderborn &#8211; <a href=\"http:\/\/spvgg-fuerth.com\/?p=2817\">SpVgg F\u00fcrth<\/a> (13) | Samstag, 20.11.2010<\/li>\n<li>14 | <a href=\"http:\/\/spvgg-fuerth.com\/?p=2832\">SpVgg F\u00fcrth<\/a> (64) &#8211; <a href=\"http:\/\/spvgg-fuerth.com\/?page_id=2834\">1860 M\u00fcnchen<\/a> (17) | Montag, 29.11.2010<\/li>\n<li>15 | Bielefeld &#8211; <a href=\"http:\/\/spvgg-fuerth.com\/?p=2837\">SpVgg F\u00fcrth<\/a> (15) | Samstag, 04.12.2010<\/li>\n<li>16 | <a href=\"http:\/\/spvgg-fuerth.com\/?p=2844\">SpVgg F\u00fcrth<\/a> (19) &#8211; <a href=\"http:\/\/spvgg-fuerth.com\/?page_id=2846\">Oberhausen<\/a> (4) | Freitag, 10.12.2010<\/li>\n<li>17 | <a href=\"http:\/\/spvgg-fuerth.com\/?page_id=2855\">D\u00fcsseldorf<\/a> (1) &#8211; <a href=\"http:\/\/spvgg-fuerth.com\/?p=2852\">SpVgg F\u00fcrth<\/a> (8) | Samstag, 18.12.2010<\/li>\n<\/ul>\n<p><\/p>\n<h3>Sonstiges<\/h3>\n<ul>\n<li>DFB-Pokal | <a href=\"http:\/\/spvgg-fuerth.com\/?page_id=1759\">Braunschweig<\/a> (7) \u2013 <a href=\"http:\/\/spvgg-fuerth.com\/?p=1752\">SpVgg F\u00fcrth<\/a> (36) | Samstag, 14.08.2010<\/li>\n<li>100 Jahre Sportpark Ronhof | <a href=\"http:\/\/spvgg-fuerth.com\/?page_id=2692\">Panorama Special<\/a> | Samstag, 11.09.2010<\/li>\n<li><a href=\"http:\/\/spvgg-fuerth.com\/?page_id=2754\">Fandemo Berlin<\/a> (162) | Samstag, 09.10.2010<\/li>\n<li>DFB-Pokal | <a href=\"http:\/\/spvgg-fuerth.com\/?p=2783\">SpVgg F\u00fcrth<\/a> (35) &#8211; <a href=\"http:\/\/spvgg-fuerth.com\/?page_id=2786\">Augsburg<\/a> (11) | Dienstag, 26.10.2010<\/li>\n<li><a href=\"http:\/\/spvgg-fuerth.com\/?p=3007\">Block 12 in Concert<\/a> (9) | Samstag, 28.05.2011<\/li>\n<\/ul><\/div>\n<div class=\"rueckrunde\">\n<h3>R\u00fcckrunde<\/h3>\n<ul>\n<li>18 | Karlsruher SC &#8211; <a href=\"http:\/\/spvgg-fuerth.com\/?p=2864\">SpVgg F\u00fcrth<\/a> (13) | Freitag, 14.01.2011<\/li>\n<li>19 | <a href=\"http:\/\/spvgg-fuerth.com\/?p=2873\">SpVgg F\u00fcrth<\/a> (30) &#8211; <a href=\"http:\/\/spvgg-fuerth.com\/?page_id=2876\">Union Berlin<\/a> (6) | Sonntag, 23.01.2011<\/li>\n<li>20 | Aachen &#8211; <a href=\"http:\/\/spvgg-fuerth.com\/?p=2880\">SpVgg F\u00fcrth<\/a> (13) | Samstag, 29.01.2011<\/li>\n<li>21 | FSV Frankfurt &#8211; <a href=\"http:\/\/spvgg-fuerth.com\/?p=2889\">SpVgg F\u00fcrth<\/a> (7) | Freitag, 04.02.2011<\/li>\n<li>22 | <a href=\"http:\/\/spvgg-fuerth.com\/?p=2895\">SpVgg F\u00fcrth<\/a> (26) &#8211; <a href=\"http:\/\/spvgg-fuerth.com\/?page_id=2897\">Cottbus<\/a> (12) | Samstag, 12.02.2011<\/li>\n<li>23 | Ingolstadt &#8211; <a href=\"http:\/\/spvgg-fuerth.com\/?p=2903\">SpVgg F\u00fcrth<\/a> (17) | Freitag, 18.02.2011<\/li>\n<li>24 | <a href=\"http:\/\/spvgg-fuerth.com\/?p=2915\">SpVgg F\u00fcrth<\/a> (31) &#8211; <a href=\"http:\/\/spvgg-fuerth.com\/?page_id=2918\">VfL Bochum<\/a> (12) | Sonntag, 27.02.2011<\/li>\n<li>25 | VfL Osnabr\u00fcck &#8211; <a href=\"http:\/\/spvgg-fuerth.com\/?p=2922\">SpVgg F\u00fcrth<\/a> (13) | Freitag, 04.03.2011<\/li>\n<li>26 | <a href=\"http:\/\/spvgg-fuerth.com\/?p=2931\">Spvgg F\u00fcrth<\/a> (35) &#8211; <a href=\"http:\/\/spvgg-fuerth.com\/?p=2933\">Hertha BSC<\/a> (22) | Montag, 14.03.2011<\/li>\n<li>27 | Wismut Aue &#8211; <a href=\"http:\/\/spvgg-fuerth.com\/?p=2942\">SpVgg F\u00fcrth<\/a> (9) | Sonntag, 20.03.2011<\/li>\n<li>28 | <a href=\"http:\/\/spvgg-fuerth.com\/?p=2946\">SpVgg F\u00fcrth<\/a> (21) &#8211; <a href=\"http:\/\/spvgg-fuerth.com\/?page_id=2949\">MSV Duisburg<\/a> (12) | Samstag, 02.04.2011<\/li>\n<li>29 | <a href=\"http:\/\/spvgg-fuerth.com\/?page_id=2954\">Augsburg<\/a> (1) &#8211; <a href=\"http:\/\/spvgg-fuerth.com\/?p=2952\">SpVgg F\u00fcrth<\/a> (17) | Freitag, 08.04.2011<\/li>\n<li>30 | <a href=\"http:\/\/spvgg-fuerth.com\/?p=2958\">SpVgg F\u00fcrth<\/a> (44) &#8211; <a href=\"http:\/\/spvgg-fuerth.com\/?page_id=2960\">Paderborn<\/a> (3) | Sonntag, 17.04.2011<\/li>\n<li>31 | 1860 M\u00fcnchen &#8211; <a href=\"http:\/\/spvgg-fuerth.com\/?p=2968\">SpVgg F\u00fcrth<\/a> (11) | Samstag, 23.04.2011<\/li>\n<li>32 | <a href=\"http:\/\/spvgg-fuerth.com\/?p=2971\">SpVgg F\u00fcrth<\/a> (32) &#8211; <a href=\"http:\/\/spvgg-fuerth.com\/?page_id=2973\">Bielefeld<\/a> (7) | Samstag, 30.04.2011<\/li>\n<li>33 | <a href=\"http:\/\/spvgg-fuerth.com\/?page_id=2987\">Oberhausen<\/a> (6) &#8211; <a href=\"http:\/\/spvgg-fuerth.com\/?p=2983\">SpVgg F\u00fcrth<\/a> (40) | Sonntag, 08.05.2011<\/li>\n<li>34 | <a href=\"http:\/\/spvgg-fuerth.com\/?p=2998\">SpVgg F\u00fcrth<\/a> (56) &#8211; <a href=\"http:\/\/spvgg-fuerth.com\/?page_id=3000\">D\u00fcsseldorf<\/a> (5) | Sonntag, 15.05.2011<\/li>\n<\/ul><\/div>\n","protected":false},"excerpt":{"rendered":"<p>Hinrunde 01 | SpVgg F\u00fcrth (63) &#8211; Karlsruher SC (8) | Sonntag, 22.08.2010 02 | Union Berlin (3) &#8211; SpVgg F\u00fcrth (15) | Samstag, 28.08.2010 03 | SpVgg F\u00fcrth (60) &#8211; Alemannia Aachen (9) | Sonntag, 12.09.2010 04 | SpVgg F\u00fcrth (21) &#8211; FSV Frankfurt (1) | Freitag, 17.09.2010 05 | Energie Cottbus &#8211; SpVgg [&hellip;]<\/p>\n","protected":false},"author":645,"featured_media":0,"parent":0,"menu_order":0,"comment_status":"open","ping_status":"open","template":"","meta":{"footnotes":""},"class_list":["post-1173","page","type-page","status-publish","hentry"],"_links":{"self":[{"href":"https:\/\/spvgg-fuerth.com\/index.php?rest_route=\/wp\/v2\/pages\/1173","targetHints":{"allow":["GET"]}}],"collection":[{"href":"https:\/\/spvgg-fuerth.com\/index.php?rest_route=\/wp\/v2\/pages"}],"about":[{"href":"https:\/\/spvgg-fuerth.com\/index.php?rest_route=\/wp\/v2\/types\/page"}],"author":[{"embeddable":true,"href":"https:\/\/spvgg-fuerth.com\/index.php?rest_route=\/wp\/v2\/users\/645"}],"replies":[{"embeddable":true,"href":"https:\/\/spvgg-fuerth.com\/index.php?rest_route=%2Fwp%2Fv2%2Fcomments&post=1173"}],"version-history":[{"count":115,"href":"https:\/\/spvgg-fuerth.com\/index.php?rest_route=\/wp\/v2\/pages\/1173\/revisions"}],"predecessor-version":[{"id":5006,"href":"https:\/\/spvgg-fuerth.com\/index.php?rest_route=\/wp\/v2\/pages\/1173\/revisions\/5006"}],"wp:attachment":[{"href":"https:\/\/spvgg-fuerth.com\/index.php?rest_route=%2Fwp%2Fv2%2Fmedia&parent=1173"}],"curies":[{"name":"wp","href":"https:\/\/api.w.org\/{rel}","templated":true}]}}