{"id":1304,"date":"2010-08-11T20:23:59","date_gmt":"2010-08-11T18:23:59","guid":{"rendered":"http:\/\/spvgg-fuerth.com\/?page_id=1304"},"modified":"2010-08-11T20:35:57","modified_gmt":"2010-08-11T18:35:57","slug":"dfb-pokal-carl-zeiss-jena-%e2%80%93-spvgg-furth-samstag-21-08-2004-120-further","status":"publish","type":"page","link":"https:\/\/spvgg-fuerth.com\/?page_id=1304","title":{"rendered":"DFB-Pokal | Carl Zeiss Jena \u2013 SpVgg F\u00fcrth | Samstag, 21.08.2004 | 120 F\u00fcrther"},"content":{"rendered":"<p>Auf Grund von den Repressionen in Folge des Ausw\u00e4rtsspiels in Unterhaching am 15.08. boykottierten die Ultras F\u00fcrth dieses Spiel. <\/p>\n<p><img decoding=\"async\" src=\"https:\/\/www.spvgg-fuerth.com\/fotos\/0405\/fotos\/dfb-jena_03.jpg\" alt=\"\" \/><br \/>\n<img decoding=\"async\" src=\"https:\/\/www.spvgg-fuerth.com\/fotos\/0405\/fotos\/dfb-jena_04.jpg\" alt=\"\" \/><br \/>\n<img decoding=\"async\" src=\"https:\/\/www.spvgg-fuerth.com\/fotos\/0405\/fotos\/dfb-jena_05.jpg\" alt=\"\" \/><br \/>\n<img decoding=\"async\" src=\"https:\/\/www.spvgg-fuerth.com\/fotos\/0405\/fotos\/dfb-jena_01.jpg\" alt=\"\" \/><br \/>\nQuelle: <a href=\"http:\/\/fotopage.horda-azzuro.de\">Horda Azzuro<\/a><br \/>\n<img decoding=\"async\" src=\"https:\/\/www.spvgg-fuerth.com\/fotos\/0405\/fotos\/dfb-jena_02.jpg\" alt=\"\" \/><br \/>\nQuelle: <a href=\"http:\/\/fotopage.horda-azzuro.de\">Horda Azzuro<\/a><br \/><\/p>\n","protected":false},"excerpt":{"rendered":"<p>Auf Grund von den Repressionen in Folge des Ausw\u00e4rtsspiels in Unterhaching am 15.08. boykottierten die Ultras F\u00fcrth dieses Spiel. Quelle: Horda Azzuro Quelle: Horda Azzuro<\/p>\n","protected":false},"author":645,"featured_media":0,"parent":886,"menu_order":0,"comment_status":"open","ping_status":"open","template":"","meta":{"footnotes":""},"class_list":["post-1304","page","type-page","status-publish","hentry"],"_links":{"self":[{"href":"https:\/\/spvgg-fuerth.com\/index.php?rest_route=\/wp\/v2\/pages\/1304","targetHints":{"allow":["GET"]}}],"collection":[{"href":"https:\/\/spvgg-fuerth.com\/index.php?rest_route=\/wp\/v2\/pages"}],"about":[{"href":"https:\/\/spvgg-fuerth.com\/index.php?rest_route=\/wp\/v2\/types\/page"}],"author":[{"embeddable":true,"href":"https:\/\/spvgg-fuerth.com\/index.php?rest_route=\/wp\/v2\/users\/645"}],"replies":[{"embeddable":true,"href":"https:\/\/spvgg-fuerth.com\/index.php?rest_route=%2Fwp%2Fv2%2Fcomments&post=1304"}],"version-history":[{"count":4,"href":"https:\/\/spvgg-fuerth.com\/index.php?rest_route=\/wp\/v2\/pages\/1304\/revisions"}],"predecessor-version":[{"id":1311,"href":"https:\/\/spvgg-fuerth.com\/index.php?rest_route=\/wp\/v2\/pages\/1304\/revisions\/1311"}],"up":[{"embeddable":true,"href":"https:\/\/spvgg-fuerth.com\/index.php?rest_route=\/wp\/v2\/pages\/886"}],"wp:attachment":[{"href":"https:\/\/spvgg-fuerth.com\/index.php?rest_route=%2Fwp%2Fv2%2Fmedia&parent=1304"}],"curies":[{"name":"wp","href":"https:\/\/api.w.org\/{rel}","templated":true}]}}