{"id":1460,"date":"2010-08-12T12:53:45","date_gmt":"2010-08-12T10:53:45","guid":{"rendered":"http:\/\/spvgg-fuerth.com\/?page_id=1460"},"modified":"2010-08-12T12:57:28","modified_gmt":"2010-08-12T10:57:28","slug":"fandemo-frankfurt","status":"publish","type":"page","link":"https:\/\/spvgg-fuerth.com\/?page_id=1460","title":{"rendered":"Fandemo Frankfurt"},"content":{"rendered":"<p>Vor dem Start<\/p>\n<p><img decoding=\"async\" src=\"https:\/\/www.spvgg-fuerth.com\/fotos\/0405\/fotos\/_demo\/001.jpg\" alt=\"\" \/><br \/>\n<img decoding=\"async\" src=\"https:\/\/www.spvgg-fuerth.com\/fotos\/0405\/fotos\/_demo\/002.jpg\" alt=\"\" \/><br \/>\n<img decoding=\"async\" src=\"https:\/\/www.spvgg-fuerth.com\/fotos\/0405\/fotos\/_demo\/003.jpg\" alt=\"\" \/><br \/>\n<img decoding=\"async\" src=\"https:\/\/www.spvgg-fuerth.com\/fotos\/0405\/fotos\/_demo\/004.jpg\" alt=\"\" \/><br \/>\n<img decoding=\"async\" src=\"https:\/\/www.spvgg-fuerth.com\/fotos\/0405\/fotos\/_demo\/005.jpg\" alt=\"\" \/><br \/>\n<img decoding=\"async\" src=\"https:\/\/www.spvgg-fuerth.com\/fotos\/0405\/fotos\/_demo\/008.jpg\" alt=\"\" \/><\/p>\n<p>Allgemein \/ Frankfurt:<\/p>\n<p><img decoding=\"async\" src=\"https:\/\/www.spvgg-fuerth.com\/fotos\/0405\/fotos\/_demo\/010.jpg\" alt=\"\" \/><br \/>\n<img decoding=\"async\" src=\"https:\/\/www.spvgg-fuerth.com\/fotos\/0405\/fotos\/_demo\/011.jpg\" alt=\"\" \/><br \/>\n<img decoding=\"async\" src=\"https:\/\/www.spvgg-fuerth.com\/fotos\/0405\/fotos\/_demo\/013.jpg\" alt=\"\" \/><br \/>\n<img decoding=\"async\" src=\"https:\/\/www.spvgg-fuerth.com\/fotos\/0405\/fotos\/_demo\/014.jpg\" alt=\"\" \/><br \/>\n<img decoding=\"async\" src=\"https:\/\/www.spvgg-fuerth.com\/fotos\/0405\/fotos\/_demo\/016.jpg\" alt=\"\" \/><br \/>\n<img decoding=\"async\" src=\"https:\/\/www.spvgg-fuerth.com\/fotos\/0405\/fotos\/_demo\/018.jpg\" alt=\"\" \/><br \/>\n<img decoding=\"async\" src=\"https:\/\/www.spvgg-fuerth.com\/fotos\/0405\/fotos\/_demo\/019.jpg\" alt=\"\" \/><br \/>\n<img decoding=\"async\" src=\"https:\/\/www.spvgg-fuerth.com\/fotos\/0405\/fotos\/_demo\/020.jpg\" alt=\"\" \/><br \/>\n<img decoding=\"async\" src=\"https:\/\/www.spvgg-fuerth.com\/fotos\/0405\/fotos\/_demo\/022.jpg\" alt=\"\" \/><br \/>\n<img decoding=\"async\" src=\"https:\/\/www.spvgg-fuerth.com\/fotos\/0405\/fotos\/_demo\/024.jpg\" alt=\"\" \/><br \/>\n<img decoding=\"async\" src=\"https:\/\/www.spvgg-fuerth.com\/fotos\/0405\/fotos\/_demo\/026.jpg\" alt=\"\" \/><br \/>\n<img decoding=\"async\" src=\"https:\/\/www.spvgg-fuerth.com\/fotos\/0405\/fotos\/_demo\/027.jpg\" alt=\"\" \/><br \/>\n<img decoding=\"async\" src=\"https:\/\/www.spvgg-fuerth.com\/fotos\/0405\/fotos\/_demo\/029.jpg\" alt=\"\" \/><br \/>\n<img decoding=\"async\" src=\"https:\/\/www.spvgg-fuerth.com\/fotos\/0405\/fotos\/_demo\/030.jpg\" alt=\"\" \/><br \/>\n<img decoding=\"async\" src=\"https:\/\/www.spvgg-fuerth.com\/fotos\/0405\/fotos\/_demo\/034.jpg\" alt=\"\" \/><br \/>\n<img decoding=\"async\" src=\"https:\/\/www.spvgg-fuerth.com\/fotos\/0405\/fotos\/_demo\/035.jpg\" alt=\"\" \/><br \/>\n<img decoding=\"async\" src=\"https:\/\/www.spvgg-fuerth.com\/fotos\/0405\/fotos\/_demo\/036.jpg\" alt=\"\" \/><br \/>\n<img decoding=\"async\" src=\"https:\/\/www.spvgg-fuerth.com\/fotos\/0405\/fotos\/_demo\/038.jpg\" alt=\"\" \/><br \/>\n<img decoding=\"async\" src=\"https:\/\/www.spvgg-fuerth.com\/fotos\/0405\/fotos\/_demo\/039.jpg\" alt=\"\" \/><br \/>\n<img decoding=\"async\" src=\"https:\/\/www.spvgg-fuerth.com\/fotos\/0405\/fotos\/_demo\/041.jpg\" alt=\"\" \/><br \/>\n<img decoding=\"async\" src=\"https:\/\/www.spvgg-fuerth.com\/fotos\/0405\/fotos\/_demo\/044.jpg\" alt=\"\" \/><br \/>\n<img decoding=\"async\" src=\"https:\/\/www.spvgg-fuerth.com\/fotos\/0405\/fotos\/_demo\/046.jpg\" alt=\"\" \/><br \/>\n<img decoding=\"async\" src=\"https:\/\/www.spvgg-fuerth.com\/fotos\/0405\/fotos\/_demo\/047.jpg\" alt=\"\" \/><br \/>\n<img decoding=\"async\" src=\"https:\/\/www.spvgg-fuerth.com\/fotos\/0405\/fotos\/_demo\/048.jpg\" alt=\"\" \/><br \/>\n<img decoding=\"async\" src=\"https:\/\/www.spvgg-fuerth.com\/fotos\/0405\/fotos\/_demo\/049.jpg\" alt=\"\" \/><br \/>\n<img decoding=\"async\" src=\"https:\/\/www.spvgg-fuerth.com\/fotos\/0405\/fotos\/_demo\/050.jpg\" alt=\"\" \/><br \/>\n<img decoding=\"async\" src=\"https:\/\/www.spvgg-fuerth.com\/fotos\/0405\/fotos\/_demo\/051.jpg\" alt=\"\" \/><br \/>\n<img decoding=\"async\" src=\"https:\/\/www.spvgg-fuerth.com\/fotos\/0405\/fotos\/_demo\/053.jpg\" alt=\"\" \/><br \/>\n<img decoding=\"async\" src=\"https:\/\/www.spvgg-fuerth.com\/fotos\/0405\/fotos\/_demo\/059.jpg\" alt=\"\" \/><br \/>\n<img decoding=\"async\" src=\"https:\/\/www.spvgg-fuerth.com\/fotos\/0405\/fotos\/_demo\/061.jpg\" alt=\"\" \/><br \/>\n<img decoding=\"async\" src=\"https:\/\/www.spvgg-fuerth.com\/fotos\/0405\/fotos\/_demo\/065.jpg\" alt=\"\" \/><br \/>\n<img decoding=\"async\" src=\"https:\/\/www.spvgg-fuerth.com\/fotos\/0405\/fotos\/_demo\/066.jpg\" alt=\"\" \/><br \/>\n<img decoding=\"async\" src=\"https:\/\/www.spvgg-fuerth.com\/fotos\/0405\/fotos\/_demo\/067.jpg\" alt=\"\" \/><br \/>\n<img decoding=\"async\" src=\"https:\/\/www.spvgg-fuerth.com\/fotos\/0405\/fotos\/_demo\/069.jpg\" alt=\"\" \/><br \/>\n<img decoding=\"async\" src=\"https:\/\/www.spvgg-fuerth.com\/fotos\/0405\/fotos\/_demo\/070.jpg\" alt=\"\" \/><br \/>\n<img decoding=\"async\" src=\"https:\/\/www.spvgg-fuerth.com\/fotos\/0405\/fotos\/_demo\/071.jpg\" alt=\"\" \/><br \/>\n<img decoding=\"async\" src=\"https:\/\/www.spvgg-fuerth.com\/fotos\/0405\/fotos\/_demo\/072.jpg\" alt=\"\" \/><br \/>\n<img decoding=\"async\" src=\"https:\/\/www.spvgg-fuerth.com\/fotos\/0405\/fotos\/_demo\/073.jpg\" alt=\"\" \/><br \/>\n<img decoding=\"async\" src=\"https:\/\/www.spvgg-fuerth.com\/fotos\/0405\/fotos\/_demo\/074.jpg\" alt=\"\" \/><br \/>\n<img decoding=\"async\" src=\"https:\/\/www.spvgg-fuerth.com\/fotos\/0405\/fotos\/_demo\/076.jpg\" alt=\"\" \/><br \/>\n<img decoding=\"async\" src=\"https:\/\/www.spvgg-fuerth.com\/fotos\/0405\/fotos\/_demo\/078.jpg\" alt=\"\" \/><br \/>\n<img decoding=\"async\" src=\"https:\/\/www.spvgg-fuerth.com\/fotos\/0405\/fotos\/_demo\/079.jpg\" alt=\"\" \/><\/p>\n<p>Osnabr\u00fcck:<br \/>\n<img decoding=\"async\" src=\"https:\/\/www.spvgg-fuerth.com\/fotos\/0405\/fotos\/_demo\/081.jpg\" alt=\"\" \/><br \/>\n<img decoding=\"async\" src=\"https:\/\/www.spvgg-fuerth.com\/fotos\/0405\/fotos\/_demo\/082.jpg\" alt=\"\" \/><br \/>\n<img decoding=\"async\" src=\"https:\/\/www.spvgg-fuerth.com\/fotos\/0405\/fotos\/_demo\/083.jpg\" alt=\"\" \/><\/p>\n<p>Bremen:<br \/>\n<img decoding=\"async\" src=\"https:\/\/www.spvgg-fuerth.com\/fotos\/0405\/fotos\/_demo\/084.jpg\" alt=\"\" \/><br \/>\n<img decoding=\"async\" src=\"https:\/\/www.spvgg-fuerth.com\/fotos\/0405\/fotos\/_demo\/085.jpg\" alt=\"\" \/><\/p>\n<p>Stuttgart:<br \/>\n<img decoding=\"async\" src=\"https:\/\/www.spvgg-fuerth.com\/fotos\/0405\/fotos\/_demo\/086.jpg\" alt=\"\" \/><br \/>\n<img decoding=\"async\" src=\"https:\/\/www.spvgg-fuerth.com\/fotos\/0405\/fotos\/_demo\/088.jpg\" alt=\"\" \/><br \/>\n<img decoding=\"async\" src=\"https:\/\/www.spvgg-fuerth.com\/fotos\/0405\/fotos\/_demo\/090.jpg\" alt=\"\" \/><\/p>\n<p>Braunschweig:<br \/>\n<img decoding=\"async\" src=\"https:\/\/www.spvgg-fuerth.com\/fotos\/0405\/fotos\/_demo\/092.jpg\" alt=\"\" \/><br \/>\n<img decoding=\"async\" src=\"https:\/\/www.spvgg-fuerth.com\/fotos\/0405\/fotos\/_demo\/093.jpg\" alt=\"\" \/><\/p>\n<p>Mannheim:<br \/>\n<img decoding=\"async\" src=\"https:\/\/www.spvgg-fuerth.com\/fotos\/0405\/fotos\/_demo\/094.jpg\" alt=\"\" \/><br \/>\n<img decoding=\"async\" src=\"https:\/\/www.spvgg-fuerth.com\/fotos\/0405\/fotos\/_demo\/095.jpg\" alt=\"\" \/><br \/>\n<img decoding=\"async\" src=\"https:\/\/www.spvgg-fuerth.com\/fotos\/0405\/fotos\/_demo\/096.jpg\" alt=\"\" \/><br \/>\n<img decoding=\"async\" src=\"https:\/\/www.spvgg-fuerth.com\/fotos\/0405\/fotos\/_demo\/097.jpg\" alt=\"\" \/><\/p>\n<p>F\u00fcrth:<br \/>\n<img decoding=\"async\" src=\"https:\/\/www.spvgg-fuerth.com\/fotos\/0405\/fotos\/_demo\/098.jpg\" alt=\"\" \/><br \/>\n<img decoding=\"async\" src=\"https:\/\/www.spvgg-fuerth.com\/fotos\/0405\/fotos\/_demo\/099.jpg\" alt=\"\" \/><br \/>\n<img decoding=\"async\" src=\"https:\/\/www.spvgg-fuerth.com\/fotos\/0405\/fotos\/_demo\/102.jpg\" alt=\"\" \/><\/p>\n<p>K\u00f6ln:<br \/>\n<img decoding=\"async\" src=\"https:\/\/www.spvgg-fuerth.com\/fotos\/0405\/fotos\/_demo\/103.jpg\" alt=\"\" \/><\/p>\n<p>Karlsruhe &#8211; Berlin &#8211; Stra\u00dfbourg:<br \/>\n<img decoding=\"async\" src=\"https:\/\/www.spvgg-fuerth.com\/fotos\/0405\/fotos\/_demo\/105.jpg\" alt=\"\" \/><br \/>\n<img decoding=\"async\" src=\"https:\/\/www.spvgg-fuerth.com\/fotos\/0405\/fotos\/_demo\/106.jpg\" alt=\"\" \/><\/p>\n<p>M\u00f6nchengladbach<br \/>\n<img decoding=\"async\" src=\"https:\/\/www.spvgg-fuerth.com\/fotos\/0405\/fotos\/_demo\/107.jpg\" alt=\"\" \/><\/p>\n<p>Darmstadt<br \/>\n<img decoding=\"async\" src=\"https:\/\/www.spvgg-fuerth.com\/fotos\/0405\/fotos\/_demo\/110.jpg\" alt=\"\" \/><\/p>\n<p>Freiburg<br \/>\n<img decoding=\"async\" src=\"https:\/\/www.spvgg-fuerth.com\/fotos\/0405\/fotos\/_demo\/109.jpg\" alt=\"\" \/><\/p>\n<p>Hamburger SV<br \/>\n<img decoding=\"async\" src=\"https:\/\/www.spvgg-fuerth.com\/fotos\/0405\/fotos\/_demo\/111.jpg\" alt=\"\" \/><\/p>\n<p>Leverkusen:<br \/>\n<img decoding=\"async\" src=\"https:\/\/www.spvgg-fuerth.com\/fotos\/0405\/fotos\/_demo\/112.jpg\" alt=\"\" \/><\/p>\n<p>D\u00fcsseldorf:<br \/>\n<img decoding=\"async\" src=\"https:\/\/www.spvgg-fuerth.com\/fotos\/0405\/fotos\/_demo\/126.jpg\" alt=\"\" \/><\/p>\n<p>Wolfsburg:<br \/>\n<img decoding=\"async\" src=\"https:\/\/www.spvgg-fuerth.com\/fotos\/0405\/fotos\/_demo\/129.jpg\" alt=\"\" \/><\/p>\n<p>Essen:<br \/>\n<img decoding=\"async\" src=\"https:\/\/www.spvgg-fuerth.com\/fotos\/0405\/fotos\/_demo\/113.jpg\" alt=\"\" \/><br \/>\n<img decoding=\"async\" src=\"https:\/\/www.spvgg-fuerth.com\/fotos\/0405\/fotos\/_demo\/114.jpg\" alt=\"\" \/><\/p>\n<p>M\u00fcnchen:<br \/>\n<img decoding=\"async\" src=\"https:\/\/www.spvgg-fuerth.com\/fotos\/0405\/fotos\/_demo\/115.jpg\" alt=\"\" \/><br \/>\n<img decoding=\"async\" src=\"https:\/\/www.spvgg-fuerth.com\/fotos\/0405\/fotos\/_demo\/117.jpg\" alt=\"\" \/><br \/>\n<img decoding=\"async\" src=\"https:\/\/www.spvgg-fuerth.com\/fotos\/0405\/fotos\/_demo\/119.jpg\" alt=\"\" \/><br \/>\n<img decoding=\"async\" src=\"https:\/\/www.spvgg-fuerth.com\/fotos\/0405\/fotos\/_demo\/121.jpg\" alt=\"\" \/><br \/>\n<img decoding=\"async\" src=\"https:\/\/www.spvgg-fuerth.com\/fotos\/0405\/fotos\/_demo\/123.jpg\" alt=\"\" \/><\/p>\n<p>St.Pauli:<br \/>\n<img decoding=\"async\" src=\"https:\/\/www.spvgg-fuerth.com\/fotos\/0405\/fotos\/_demo\/124.jpg\" alt=\"\" \/><\/p>\n<p>Saarbr\u00fccken:<br \/>\n<img decoding=\"async\" src=\"https:\/\/www.spvgg-fuerth.com\/fotos\/0405\/fotos\/_demo\/128.jpg\" alt=\"\" \/><\/p>\n<p>Hannover:<br \/>\n<img decoding=\"async\" src=\"https:\/\/www.spvgg-fuerth.com\/fotos\/0405\/fotos\/_demo\/127.jpg\" alt=\"\" \/><\/p>\n<p>Dortmund:<br \/>\n<img decoding=\"async\" src=\"https:\/\/www.spvgg-fuerth.com\/fotos\/0405\/fotos\/_demo\/130.jpg\" alt=\"\" \/><br \/>\n<img decoding=\"async\" src=\"https:\/\/www.spvgg-fuerth.com\/fotos\/0405\/fotos\/_demo\/132.jpg\" alt=\"\" \/><br \/>\n<img decoding=\"async\" src=\"https:\/\/www.spvgg-fuerth.com\/fotos\/0405\/fotos\/_demo\/133.jpg\" alt=\"\" \/><\/p>\n<p>Rostock:<br \/>\n<img decoding=\"async\" src=\"https:\/\/www.spvgg-fuerth.com\/fotos\/0405\/fotos\/_demo\/136.jpg\" alt=\"\" \/><\/p>\n","protected":false},"excerpt":{"rendered":"<p>Vor dem Start Allgemein \/ Frankfurt: Osnabr\u00fcck: Bremen: Stuttgart: Braunschweig: Mannheim: F\u00fcrth: K\u00f6ln: Karlsruhe &#8211; Berlin &#8211; Stra\u00dfbourg: M\u00f6nchengladbach Darmstadt Freiburg Hamburger SV Leverkusen: D\u00fcsseldorf: Wolfsburg: Essen: M\u00fcnchen: St.Pauli: Saarbr\u00fccken: Hannover: Dortmund: Rostock:<\/p>\n","protected":false},"author":645,"featured_media":0,"parent":886,"menu_order":0,"comment_status":"open","ping_status":"open","template":"","meta":{"footnotes":""},"class_list":["post-1460","page","type-page","status-publish","hentry"],"_links":{"self":[{"href":"https:\/\/spvgg-fuerth.com\/index.php?rest_route=\/wp\/v2\/pages\/1460","targetHints":{"allow":["GET"]}}],"collection":[{"href":"https:\/\/spvgg-fuerth.com\/index.php?rest_route=\/wp\/v2\/pages"}],"about":[{"href":"https:\/\/spvgg-fuerth.com\/index.php?rest_route=\/wp\/v2\/types\/page"}],"author":[{"embeddable":true,"href":"https:\/\/spvgg-fuerth.com\/index.php?rest_route=\/wp\/v2\/users\/645"}],"replies":[{"embeddable":true,"href":"https:\/\/spvgg-fuerth.com\/index.php?rest_route=%2Fwp%2Fv2%2Fcomments&post=1460"}],"version-history":[{"count":2,"href":"https:\/\/spvgg-fuerth.com\/index.php?rest_route=\/wp\/v2\/pages\/1460\/revisions"}],"predecessor-version":[{"id":1462,"href":"https:\/\/spvgg-fuerth.com\/index.php?rest_route=\/wp\/v2\/pages\/1460\/revisions\/1462"}],"up":[{"embeddable":true,"href":"https:\/\/spvgg-fuerth.com\/index.php?rest_route=\/wp\/v2\/pages\/886"}],"wp:attachment":[{"href":"https:\/\/spvgg-fuerth.com\/index.php?rest_route=%2Fwp%2Fv2%2Fmedia&parent=1460"}],"curies":[{"name":"wp","href":"https:\/\/api.w.org\/{rel}","templated":true}]}}