{"id":2060,"date":"2010-08-18T22:34:55","date_gmt":"2010-08-18T20:34:55","guid":{"rendered":"http:\/\/spvgg-fuerth.com\/?page_id=2060"},"modified":"2010-08-24T18:32:08","modified_gmt":"2010-08-24T16:32:08","slug":"saison-20012002-b","status":"publish","type":"page","link":"https:\/\/spvgg-fuerth.com\/?page_id=2060","title":{"rendered":"Saison 2001\/2002"},"content":{"rendered":"<div class=\"hinrunde\">\n<h3>Hinrunde<\/h3>\n<ul>\n<li>01 | <a href=\"http:\/\/spvgg-fuerth.com\/?page_id=2092\">SpVgg F\u00fcrth<\/a> (5) &#8211; <a href=\"http:\/\/spvgg-fuerth.com\/?page_id=2096\">Oberhausen<\/a> (1) | Freitag, 27.07.2001<\/li>\n<li>02 | LR Ahlen &#8211; <a href=\"http:\/\/spvgg-fuerth.com\/?page_id=2099\">SpVgg F\u00fcrth<\/a> (1) | Freitag, 03.08.2001<\/li>\n<li>03 | <a href=\"http:\/\/spvgg-fuerth.com\/?page_id=2107\">SpVgg F\u00fcrth<\/a> (1) &#8211; <a href=\"http:\/\/spvgg-fuerth.com\/?page_id=2110\">SV Babelsberg 03<\/a> (1) | Sonntag, 12.08.2001<\/li>\n<li>04 | SSV Reutlingen &#8211; <a href=\"http:\/\/spvgg-fuerth.com\/?page_id=2102\">SpVgg F\u00fcrth<\/a> (3) | Freitag, 17.08.2001<\/li>\n<li>05 | <a href=\"http:\/\/spvgg-fuerth.com\/?page_id=2114\">SpVgg F\u00fcrth<\/a> (1) &#8211; Waldhof Mannheim | Samstag 08.09.2001<\/li>\n<li>06 | Schweinfurt &#8211; <a href=\"http:\/\/spvgg-fuerth.com\/?page_id=2118\">SpVgg F\u00fcrth<\/a> (3) | Sonntag, 16.09.2001<\/li>\n<li>07 | <a href=\"http:\/\/spvgg-fuerth.com\/?page_id=2121\">SpVgg F\u00fcrth<\/a> (2) &#8211; Saarbr\u00fccken | Sonntag, 23.09.2001<\/li>\n<li>08 | Frankfurt &#8211; <a href=\"http:\/\/spvgg-fuerth.com\/?page_id=2127\">SpVgg F\u00fcrth<\/a> (2) | Sonntag, 30.09.2001<\/li>\n<li>09 | <a href=\"http:\/\/spvgg-fuerth.com\/?page_id=2130\">SpVgg F\u00fcrth<\/a> (1) &#8211; Bielefeld | Sonntag, 14.10.2001<\/li>\n<li class=\"kommtnoch\">10 | MSV Duisburg &#8211; SpVgg F\u00fcrth | Sonntag, 21.10.2001<\/li>\n<li>11 | Karlsruher SC &#8211; <a href=\"http:\/\/spvgg-fuerth.com\/?page_id=2134\">SpVgg F\u00fcrth<\/a> (1) | Samstag, 27.10.2001<\/li>\n<li>12 | <a href=\"http:\/\/spvgg-fuerth.com\/?page_id=2138\">SpVgg F\u00fcrth<\/a> (3) &#8211; Union Berlin | Sonntag, 04.11.2001<\/li>\n<li>13 | Aachen &#8211; <a href=\"http:\/\/spvgg-fuerth.com\/?page_id=2141\">SpVgg F\u00fcrth<\/a> (1) | Freitag, 16.11.2001<\/li>\n<li>14 | <a href=\"http:\/\/spvgg-fuerth.com\/?page_id=2144\">SpVgg F\u00fcrth<\/a> (1) &#8211; Unterhaching | Freitag, 23.11.2001<\/li>\n<li class=\"kommtnoch\">15 | VfL Bochum &#8211; SpVgg F\u00fcrth | Freitag, 30.11.2001<\/li>\n<li>16 | <a href=\"http:\/\/spvgg-fuerth.com\/?page_id=2147\">SpVgg F\u00fcrth<\/a> (12) &#8211; FSV Mainz | Samstag, 08.12.2001<\/li>\n<li class=\"kommtnoch\">17 | Hannover 96 \u2013 SpVgg F\u00fcrth | Sonntag, 16.12.2001<\/li>\n<\/ul>\n<p><\/p>\n<h3>Sonstiges<\/h3>\n<ul>\n<li class=\"kommtnoch\">DFB-Pokal | VfB Stuttgart Amas \u2013 SpVgg F\u00fcrth | Freitag, 24.08.2001<\/li>\n<li class=\"kommtnoch\">FCN Amateure &#8211; SpVgg Amateure | Dienstag, 11.09.2001<\/li>\n<li>Quelle F\u00fcrth &#8211; <a href=\"http:\/\/spvgg-fuerth.com\/?page_id=2222\">SpVgg Amateure<\/a> (6) | Samstag, 22.09.2001<\/li>\n<li>DFB-Pokal | Mainz &#8211; <a href=\"http:\/\/spvgg-fuerth.com\/?page_id=2253\">SpVgg F\u00fcrth<\/a> (1) | Dienstag, 27.11.2001<\/li>\n<li><a href=\"http:\/\/spvgg-fuerth.com\/?page_id=2225\">SpVgg Amateure<\/a> (1) &#8211; <a href=\"http:\/\/spvgg-fuerth.com\/?page_id=2228\">FC Augsburg<\/a> (2) | Sonntag, 02.12.2001<\/li>\n<li><a href=\"http:\/\/spvgg-fuerth.com\/?page_id=2231\">SpVgg Amateure<\/a> (1) &#8211; FCN Amateure | Sonntag, 28.01.2002<\/li>\n<li>FC Bayern Hof &#8211; <a href=\"http:\/\/spvgg-fuerth.com\/?page_id=2234\">SpVgg Amateure<\/a> (2) | Samstag, 09.03.2002<\/li>\n<li>SpVgg Weiden &#8211; <a href=\"http:\/\/spvgg-fuerth.com\/?page_id=2237\">SpVgg Amateure<\/a> (9) | Freitag, 03.05.2002<\/li>\n<li>FC Augsburg &#8211; <a href=\"http:\/\/spvgg-fuerth.com\/?page_id=2242\">SpVgg Amateure<\/a> (4) | Mittwoch, 22.05.2002<\/li>\n<li class=\"kommtnoch\">FCN Amateure &#8211; SpVgg Amateure | Samstag, 25.05.2002<\/li>\n<li><a href=\"http:\/\/spvgg-fuerth.com\/?page_id=2247\">SpVgg Amateure<\/a> (1) &#8211; FC Ismaning | Samstag, 01.06.2002<\/li>\n<\/ul><\/div>\n<div class=\"rueckrunde\">\n<h3>R\u00fcckrunde<\/h3>\n<ul>\n<li class=\"kommtnoch\">18 | Oberhausen &#8211; SpVgg F\u00fcrth | Mittwoch, 19.12.2002<\/li>\n<li>19 | <a href=\"http:\/\/spvgg-fuerth.com\/?page_id=2150\">SpVgg F\u00fcrth<\/a> (3) &#8211; LR Ahlen | Samstag, 26.01.2002<\/li>\n<li>20 | Babelsberg &#8211; <a href=\"http:\/\/spvgg-fuerth.com\/?page_id=2153\">SpVgg F\u00fcrth<\/a> (11) | Samstag, 02.02.2002<\/li>\n<li>21 | <a href=\"http:\/\/spvgg-fuerth.com\/?page_id=2161\">SpVgg F\u00fcrth<\/a> (2) &#8211; SSV Reutlingen | Dienstag, 05.02.2002<\/li>\n<li>22 | Waldhof Mannheim &#8211; <a href=\"http:\/\/spvgg-fuerth.com\/?page_id=2164\">SpVgg F\u00fcrth<\/a> (3) | Freitag, 08.02.2002<\/li>\n<li>23 | <a href=\"http:\/\/spvgg-fuerth.com\/?page_id=2168\">SpVgg F\u00fcrth<\/a> (3) &#8211; Schweinfurt | Freitag, 15.02.2002<\/li>\n<li>24 | Saarbr\u00fccken &#8211; <a href=\"http:\/\/spvgg-fuerth.com\/?page_id=2172\">SpVgg F\u00fcrth<\/a> (2) | Freitag, 22.02.2002<\/li>\n<li>25 | <a href=\"http:\/\/spvgg-fuerth.com\/?page_id=2177\">SpVgg F\u00fcrth<\/a> (4) &#8211; Eintracht Frankfurt | Sonntag, 03.03.2002<\/li>\n<li>26 | Bielefeld &#8211; <a href=\"http:\/\/spvgg-fuerth.com\/?page_id=2180\">SpVgg F\u00fcrth<\/a> (2) | Montag, 11.03.2002<\/li>\n<li>27 | <a href=\"http:\/\/spvgg-fuerth.com\/?page_id=2183\">SpVgg F\u00fcrth<\/a> (4) &#8211; Duisburg | Sonntag, 17.03.2002<\/li>\n<li>28 | <a href=\"http:\/\/spvgg-fuerth.com\/?page_id=2187\">SpVgg F\u00fcrth<\/a> (1) &#8211; Karlsruher SC | Freitag, 22.03.2002<\/li>\n<li>29 | Union Berlin &#8211; <a href=\"http:\/\/spvgg-fuerth.com\/?page_id=2190\">SpVgg F\u00fcrth<\/a> (2) | Donnerstag, 28.03.2002<\/li>\n<li>30 | <a href=\"http:\/\/spvgg-fuerth.com\/?page_id=2193\">SpVgg F\u00fcrth<\/a> (1) &#8211; Alemannia Aachen | Samstag, 06.04.2002<\/li>\n<li>31 | Unterhaching &#8211; <a href=\"http:\/\/spvgg-fuerth.com\/?page_id=2197\">SpVgg F\u00fcrth<\/a> (14) | Sonntag, 14.04.2002<\/li>\n<li>32 | <a href=\"http:\/\/spvgg-fuerth.com\/?page_id=2203\">SpVgg F\u00fcrth<\/a> (7) &#8211; VfL Bochum | Freitag, 16.04.2002<\/li>\n<li>33 | <a href=\"http:\/\/spvgg-fuerth.com\/?page_id=2214\">Mainz<\/a> (4) &#8211; <a href=\"http:\/\/spvgg-fuerth.com\/?page_id=2209\">SpVgg F\u00fcrth<\/a> (10) | Sonntag, 28.04.2002<\/li>\n<li>34 | <a href=\"http:\/\/spvgg-fuerth.com\/?page_id=2218\">SpVgg F\u00fcrth<\/a> (5) &#8211; Hannover 96 | Sonntag, 05.05.2002<\/li>\n<\/ul><\/div>\n","protected":false},"excerpt":{"rendered":"<p>Hinrunde 01 | SpVgg F\u00fcrth (5) &#8211; Oberhausen (1) | Freitag, 27.07.2001 02 | LR Ahlen &#8211; SpVgg F\u00fcrth (1) | Freitag, 03.08.2001 03 | SpVgg F\u00fcrth (1) &#8211; SV Babelsberg 03 (1) | Sonntag, 12.08.2001 04 | SSV Reutlingen &#8211; SpVgg F\u00fcrth (3) | Freitag, 17.08.2001 05 | SpVgg F\u00fcrth (1) &#8211; Waldhof Mannheim [&hellip;]<\/p>\n","protected":false},"author":645,"featured_media":0,"parent":0,"menu_order":0,"comment_status":"open","ping_status":"open","template":"","meta":{"footnotes":""},"class_list":["post-2060","page","type-page","status-publish","hentry"],"_links":{"self":[{"href":"https:\/\/spvgg-fuerth.com\/index.php?rest_route=\/wp\/v2\/pages\/2060","targetHints":{"allow":["GET"]}}],"collection":[{"href":"https:\/\/spvgg-fuerth.com\/index.php?rest_route=\/wp\/v2\/pages"}],"about":[{"href":"https:\/\/spvgg-fuerth.com\/index.php?rest_route=\/wp\/v2\/types\/page"}],"author":[{"embeddable":true,"href":"https:\/\/spvgg-fuerth.com\/index.php?rest_route=\/wp\/v2\/users\/645"}],"replies":[{"embeddable":true,"href":"https:\/\/spvgg-fuerth.com\/index.php?rest_route=%2Fwp%2Fv2%2Fcomments&post=2060"}],"version-history":[{"count":53,"href":"https:\/\/spvgg-fuerth.com\/index.php?rest_route=\/wp\/v2\/pages\/2060\/revisions"}],"predecessor-version":[{"id":2558,"href":"https:\/\/spvgg-fuerth.com\/index.php?rest_route=\/wp\/v2\/pages\/2060\/revisions\/2558"}],"wp:attachment":[{"href":"https:\/\/spvgg-fuerth.com\/index.php?rest_route=%2Fwp%2Fv2%2Fmedia&parent=2060"}],"curies":[{"name":"wp","href":"https:\/\/api.w.org\/{rel}","templated":true}]}}