{"id":227,"date":"2010-04-25T15:40:44","date_gmt":"2010-04-25T14:40:44","guid":{"rendered":"http:\/\/spvgg-fuerth.com\/?page_id=227"},"modified":"2018-05-05T18:20:48","modified_gmt":"2018-05-05T16:20:48","slug":"kontakt-impressum","status":"publish","type":"page","link":"https:\/\/spvgg-fuerth.com\/?page_id=227","title":{"rendered":"spvgg-fuerth.com \u2013 Infos &#038; Ziele"},"content":{"rendered":"<div class=\"info2\">\nDas Ziel von spvgg-fuerth.com ist die Erschaffung, Pflege und Weiterentwicklung eines stets aktuellen, hochwertigen, unabh\u00e4ngigen Fotoarchivs, das die Entwicklung der F\u00fcrther Fanszene fotografisch begleitet. <\/p>\n<h2>Entwicklung<\/h2>\n<p>Das Fotoarchiv existiert seit dem 01.08.2001 unter wechselnden Namen und Webadressen. In der Zeit von 2002 bis Ende 2006 lag der Schwerpunkt hier vor allem auf der offiziellen Dokumentation der Aktivit\u00e4ten der Ultras F\u00fcrth 1998 bis zu deren Aufl\u00f6sung. Dank der Hilfe von weiteren Quellen erfasst das Archiv auch Zeiten vor 2001, weiteres Material aus diesen Zeiten ist gesucht. Nach dem Wiedererstarken der Fanaktivit\u00e4ten liegt der Fokus mittlerweile auf der Dokumentation des Agierens von Block 12. <\/p>\n<p>Hinweis: spvgg-fuerth.com ist keine offizielle Seite von Block 12, Szene F\u00fcrth oder der Horidos. Alle Anfragen die in diese Richtung gehen bitte an <a href=\"mailto:info@horidos.de\">info@horidos.de<\/a><\/p>\n<h2>Historie<\/h2>\n<p>2001 &#8211; 2002: kleeblatt-forum.de.vu<br \/>\n2002 &#8211; August 2003: forza-kleeblatt.de.vu (<a href=\"http:\/\/www.spvgg-fuerth.com\/_gfx\/forzakleeblatt1.png\">Ansicht 1<\/a>, <a href=\"http:\/\/www.spvgg-fuerth.com\/_gfx\/forzakleeblatt2.png\">Ansicht 2<\/a>)<br \/>\nAugust 2003 &#8211; M\u00e4rz 2007: UF Foto\/Mediapage (<a href=\"http:\/\/www.spvgg-fuerth.com\/_gfx\/mediapage1.png\">Ansicht 1<\/a>, <a href=\"http:\/\/www.spvgg-fuerth.com\/_gfx\/mediapage2.png\">Ansicht 2<\/a>, <a href=\"http:\/\/www.spvgg-fuerth.com\/_gfx\/mediapage3.png\">Ansicht 3<\/a>)<br \/>\n2007 &#8211; heute: spvgg-fuerth.com<\/p>\n<h2>Nutzungsrechte und Verwendung der Fotos<\/h2>\n<p>Die Fotos sind urheberrechtlich gesch\u00fctzt und d\u00fcrfen ohne ausdr\u00fcckliche Genehmigung nicht weiterverwendet werden, Anfragen an <a href=\"mailto:info@spvgg-fuerth.com\">info@spvgg-fuerth.com<\/a> <\/p>\n<h2>Fotografen<\/h2>\n<p>Das Fotomaterial wird von verschiedenen Fotografen bereitgestellt, danke an alle hierf\u00fcr,<br \/>\nim speziellen Fussballidol, Wolfgang Zink (<a href=\"http:\/\/www.sportfoto-zink.de\">sportfoto-zink.de<\/a>) und Reinhold Fuchs (<a href=\"http:\/\/www.sportfoto-fuchs.de\">sportfoto-fuchs.de<\/a>)<\/p>\n<p><\/p>\n<h2>Impressum<\/h2>\n<p>Verantwortlich f\u00fcr den Inhalt dieses Weblogs:<br \/>\nJohannes Heuckeroth<br \/>\nLeibnizstr.2<br \/>\n90766 F\u00fcrth<br \/>\nDeutschland<br \/>\nE-Mail: info@spvgg-fuerth.com<br \/>\nInternet: http:\/\/www.spvgg-fuerth.com<\/p>\n<p>Inhaltlich Verantwortlicher gem\u00e4\u00df \u00a7 10 Absatz 3 MDStV:<br \/>\nJohannes Heuckeroth<br \/>\nLeibnizstr.2<br \/>\n90766 F\u00fcrth<br \/>\nDeutschland <\/p>\n<h2>Haftungsausschluss:<\/h2>\n<p>Haftung f\u00fcr Inhalte<br \/>\nDie Inhalte unserer Seiten wurden mit gr\u00f6\u00dfter Sorgfalt erstellt. F\u00fcr die Richtigkeit, Vollst\u00e4ndigkeit und Aktualit\u00e4t der Inhalte k\u00f6nnen wir jedoch keine Gew\u00e4hr \u00fcbernehmen. Als Diensteanbieter sind wir gem\u00e4\u00df \u00a7 7 Abs.1 TMG f\u00fcr eigene Inhalte auf diesen Seiten nach den allgemeinen Gesetzen verantwortlich. Nach \u00a7\u00a7 8 bis 10 TMG sind wir als Diensteanbieter jedoch nicht verpflichtet, \u00fcbermittelte oder gespeicherte fremde Informationen zu \u00fcberwachen oder nach Umst\u00e4nden zu forschen, die auf eine rechtswidrige T\u00e4tigkeit hinweisen. Verpflichtungen zur Entfernung oder Sperrung der Nutzung von Informationen nach den allgemeinen Gesetzen bleiben hiervon unber\u00fchrt. Eine diesbez\u00fcgliche Haftung ist jedoch erst ab dem Zeitpunkt der Kenntnis einer konkreten Rechtsverletzung m\u00f6glich. Bei Bekanntwerden von entsprechenden Rechtsverletzungen werden wir diese Inhalte umgehend entfernen.<\/p>\n<h2>Haftung f\u00fcr Links<\/h2>\n<p>Unser Angebot enth\u00e4lt Links zu externen Webseiten Dritter, auf deren Inhalte wir keinen Einfluss haben. Deshalb k\u00f6nnen wir f\u00fcr diese fremden Inhalte auch keine Gew\u00e4hr \u00fcbernehmen. F\u00fcr die Inhalte der verlinkten Seiten ist stets der jeweilige Anbieter oder Betreiber der Seiten verantwortlich. Die verlinkten Seiten wurden zum Zeitpunkt der Verlinkung auf m\u00f6gliche Rechtsverst\u00f6\u00dfe \u00fcberpr\u00fcft. Rechtswidrige Inhalte waren zum Zeitpunkt der Verlinkung nicht erkennbar. Eine permanente inhaltliche Kontrolle der verlinkten Seiten ist jedoch ohne konkrete Anhaltspunkte einer Rechtsverletzung nicht zumutbar. Bei Bekanntwerden von Rechtsverletzungen werden wir derartige Links umgehend entfernen.<\/p>\n<h2>Urheberrecht<\/h2>\n<p>Die durch die Seitenbetreiber erstellten Inhalte und Werke auf diesen Seiten unterliegen dem deutschen Urheberrecht. Die Vervielf\u00e4ltigung, Bearbeitung, Verbreitung und jede Art der Verwertung au\u00dferhalb der Grenzen des Urheberrechtes bed\u00fcrfen der schriftlichen Zustimmung des jeweiligen Autors bzw. Erstellers. Downloads und Kopien dieser Seite sind nur f\u00fcr den privaten, nicht kommerziellen Gebrauch gestattet. Soweit die Inhalte auf dieser Seite nicht vom Betreiber erstellt wurden, werden die Urheberrechte Dritter beachtet. Insbesondere werden Inhalte Dritter als solche gekennzeichnet. Sollten Sie trotzdem auf eine Urheberrechtsverletzung aufmerksam werden, bitten wir um einen entsprechenden Hinweis. Bei Bekanntwerden von Rechtsverletzungen werden wir derartige Inhalte umgehend entfernen.<\/p>\n<h2>Datenschutz<\/h2>\n<p>Die Nutzung unserer Webseite ist in der Regel ohne Angabe personenbezogener Daten m\u00f6glich. Soweit auf unseren Seiten personenbezogene Daten (beispielsweise Name, Anschrift oder eMail-Adressen) erhoben werden, erfolgt dies, soweit m\u00f6glich, stets auf freiwilliger Basis. Diese Daten werden ohne Ihre ausdr\u00fcckliche Zustimmung nicht an Dritte weitergegeben. Wir weisen darauf hin, dass die Daten\u00fcbertragung im Internet (z.B. bei der Kommunikation per E-Mail) Sicherheitsl\u00fccken aufweisen kann. Ein l\u00fcckenloser Schutz der Daten vor dem Zugriff durch Dritte ist nicht m\u00f6glich. Der Nutzung von im Rahmen der Impressumspflicht ver\u00f6ffentlichten Kontaktdaten durch Dritte zur \u00dcbersendung von nicht ausdr\u00fccklich angeforderter Werbung und Informationsmaterialien wird hiermit ausdr\u00fccklich widersprochen. Die Betreiber der Seiten behalten sich ausdr\u00fccklich rechtliche Schritte im Falle der unverlangten Zusendung von Werbeinformationen, etwa durch Spam-Mails, vor.<\/p>\n<p>Nutzung von Google Analytics<br \/>\nUnsere Homepage benutzt Google Analytics, einen Webanalysedienst von Google. Google Analytics verwendet so genannte Cookies (kleine Textdateien), die auf Ihrem Computer gespeichert werden und die eine Analyse der Benutzung der Website durch Sie erm\u00f6glichen. Die durch die Cookie erzeugten Informationen \u00fcber Ihre Benutzung dieser Homepage (einschlie\u00dflich Ihrer IP-Adresse) werden an einen Server von Google in den USA \u00fcbertragen und dort gespeichert. Google wird diese Informationen benutzen, um Ihre Nutzung der Website auszuwerten, um Reports \u00fcber die Websiteaktivit\u00e4ten f\u00fcr die Homepage-Betreiber zusammenzustellen und um weitere mit der Websitenutzung und der Internetnutzung verbundene Dienstleistungen zu erbringen. Auch wird Google diese Informationen gegebenenfalls an Dritte \u00fcbertragen, sofern dieses gesetzlich vorgeschrieben ist oder soweit Dritte diese Daten im Auftrag von Google verarbeiten. Google wird in keinem Fall Ihre IP-Adresse mit anderen Daten von Google in Verbindung bringen. Sie k\u00f6nnen die Installation der Cookies durch eine entsprechende Einstellung in Ihrer Browser-Software verhindern, wir weisen Sie jedoch darauf hin, dass Sie in diesem Fall gegebenenfalls nicht s\u00e4mtliche Funktionen dieser Website in vollem Umfang nutzen k\u00f6nnen. Durch die Nutzung unserer Homepage erkl\u00e4ren Sie sich mit der Bearbeitung, der \u00fcber Sie erhobenen Daten durch Google, in der zuvor beschriebenen Art und Weise und zu dem zuvor benannten Zweck einverstanden.<\/p>\n<p>Keine weiteren Infos.<\/p>\n<\/div>\n","protected":false},"excerpt":{"rendered":"<p>Das Ziel von spvgg-fuerth.com ist die Erschaffung, Pflege und Weiterentwicklung eines stets aktuellen, hochwertigen, unabh\u00e4ngigen Fotoarchivs, das die Entwicklung der F\u00fcrther Fanszene fotografisch begleitet. Entwicklung Das Fotoarchiv existiert seit dem 01.08.2001 unter wechselnden Namen und Webadressen. In der Zeit von 2002 bis Ende 2006 lag der Schwerpunkt hier vor allem auf der offiziellen Dokumentation der [&hellip;]<\/p>\n","protected":false},"author":645,"featured_media":0,"parent":0,"menu_order":0,"comment_status":"open","ping_status":"open","template":"","meta":{"footnotes":""},"class_list":["post-227","page","type-page","status-publish","hentry"],"_links":{"self":[{"href":"https:\/\/spvgg-fuerth.com\/index.php?rest_route=\/wp\/v2\/pages\/227","targetHints":{"allow":["GET"]}}],"collection":[{"href":"https:\/\/spvgg-fuerth.com\/index.php?rest_route=\/wp\/v2\/pages"}],"about":[{"href":"https:\/\/spvgg-fuerth.com\/index.php?rest_route=\/wp\/v2\/types\/page"}],"author":[{"embeddable":true,"href":"https:\/\/spvgg-fuerth.com\/index.php?rest_route=\/wp\/v2\/users\/645"}],"replies":[{"embeddable":true,"href":"https:\/\/spvgg-fuerth.com\/index.php?rest_route=%2Fwp%2Fv2%2Fcomments&post=227"}],"version-history":[{"count":18,"href":"https:\/\/spvgg-fuerth.com\/index.php?rest_route=\/wp\/v2\/pages\/227\/revisions"}],"predecessor-version":[{"id":5308,"href":"https:\/\/spvgg-fuerth.com\/index.php?rest_route=\/wp\/v2\/pages\/227\/revisions\/5308"}],"wp:attachment":[{"href":"https:\/\/spvgg-fuerth.com\/index.php?rest_route=%2Fwp%2Fv2%2Fmedia&parent=227"}],"curies":[{"name":"wp","href":"https:\/\/api.w.org\/{rel}","templated":true}]}}