{"id":3021,"date":"2011-07-10T14:35:29","date_gmt":"2011-07-10T12:35:29","guid":{"rendered":"http:\/\/spvgg-fuerth.com\/?page_id=3021"},"modified":"2012-09-15T12:49:03","modified_gmt":"2012-09-15T10:49:03","slug":"20112012-2","status":"publish","type":"page","link":"https:\/\/spvgg-fuerth.com\/?page_id=3021","title":{"rendered":"2011\/2012"},"content":{"rendered":"<div class=\"intro\">\n<p><img decoding=\"async\" src=\"https:\/\/spvgg-fuerth.com\/_gfx\/ddorf.jpg\" alt=\"\" \/><br \/>\n<a href=\"http:\/\/spvgg-fuerth.com\/?p=3368\"><img decoding=\"async\" src=\"https:\/\/spvgg-fuerth.com\/_gfx\/01.jpg\" alt=\"\" \/><\/a><a href=\"http:\/\/spvgg-fuerth.com\/?page_id=3379\"><img decoding=\"async\" src=\"https:\/\/spvgg-fuerth.com\/_gfx\/02.jpg\" alt=\"\" \/><\/a><a href=\"http:\/\/spvgg-fuerth.com\/?p=3374\"><img decoding=\"async\" src=\"https:\/\/spvgg-fuerth.com\/_gfx\/03.jpg\" alt=\"\" \/><\/a><a href=\"http:\/\/spvgg-fuerth.com\/?p=3382\"><img decoding=\"async\" src=\"https:\/\/spvgg-fuerth.com\/_gfx\/04.jpg\" alt=\"\" \/><\/a><\/p><\/div>\n<div class=\"hinrunde\">\n<h3>Hinrunde<\/h3>\n<ul>\n<li>01 | <a href=\"http:\/\/spvgg-fuerth.com\/?p=3068\">SpVgg F\u00fcrth<\/a> (55) &#8211; <a href=\"http:\/\/spvgg-fuerth.com\/?page_id=3071\">Eintracht Frankfurt<\/a> (21) | Freitag, 15.07.2011<\/li>\n<li>02 | Union Berlin &#8211; <a href=\"http:\/\/spvgg-fuerth.com\/?p=3077\">SpVgg F\u00fcrth<\/a> (21) | Samstag, 23.07.2011<\/li>\n<li>03 | <a href=\"http:\/\/spvgg-fuerth.com\/?p=3089\">SpVgg F\u00fcrth<\/a> (43) \u2013 <a href=\"http:\/\/spvgg-fuerth.com\/?page_id=3092\">Dynamo Dresden<\/a> (24) | Samstag, 06.08.2011<\/li>\n<li>04 | SC Paderborn &#8211; <a href=\"http:\/\/spvgg-fuerth.com\/?p=3096\">SpVgg F\u00fcrth<\/a> (11) | Samstag, 13.08.2011<\/li>\n<li>05 | <a href=\"http:\/\/spvgg-fuerth.com\/?p=3101\">SpVgg F\u00fcrth<\/a> (28) &#8211; <a href=\"http:\/\/spvgg-fuerth.com\/?page_id=3104\">Ingolstadt<\/a> (4) | Freitag, 19.08.2011<\/li>\n<li>06 | VfL Bochum &#8211; <a href=\"http:\/\/spvgg-fuerth.com\/?p=3107\">SpVgg F\u00fcrth<\/a> (13) | Freitag, 26.08.2011<\/li>\n<li>07 | <a href=\"http:\/\/spvgg-fuerth.com\/?p=3125\">SpVgg F\u00fcrth<\/a> (23) &#8211; <a href=\"http:\/\/spvgg-fuerth.com\/?page_id=3128\">MSV Duisburg<\/a> (7) | Freitag, 09.09.2011<\/li>\n<li>08 | Alemannia Aachen &#8211; <a href=\"http:\/\/spvgg-fuerth.com\/?p=3132\">SpVgg F\u00fcrth<\/a> (26) | Sonntag, 18.09.2011<\/li>\n<li>09 | <a href=\"http:\/\/spvgg-fuerth.com\/?p=3136\">SpVgg F\u00fcrth<\/a> (35) &#8211; <a href=\"http:\/\/spvgg-fuerth.com\/?page_id=3138\">1860 M\u00fcnchen<\/a> (16) | Sonntag, 25.09.2011<\/li>\n<li>10 | Karlsruher SC &#8211; <a href=\"http:\/\/spvgg-fuerth.com\/?p=3143\">SpVgg F\u00fcrth<\/a> (7) | Sonntag, 02.10.2011<\/li>\n<li>11 | <a href=\"http:\/\/spvgg-fuerth.com\/?p=3164\">SpVgg F\u00fcrth<\/a> (19) \u2013 Erzgebirge Aue | Sonntag, 16.10.2011<\/li>\n<li>12 | Energie Cottbus \u2013 <a href=\"http:\/\/spvgg-fuerth.com\/?p=3170\">SpVgg F\u00fcrth<\/a> (12) | Samstag, 22.10.2011<\/li>\n<li>13 | <a href=\"http:\/\/spvgg-fuerth.com\/?p=3181\">SpVgg F\u00fcrth<\/a> (10) \u2013 <a href=\"http:\/\/spvgg-fuerth.com\/?page_id=3184\">Eintracht Braunschweig<\/a> (17) | Montag, 31.10.2011<\/li>\n<li>14 | St.Pauli \u2013 <a href=\"http:\/\/spvgg-fuerth.com\/?p=3189\">SpVgg F\u00fcrth<\/a> (6) | Samstag, 05.11.2011<\/li>\n<li>15 | <a href=\"http:\/\/spvgg-fuerth.com\/?p=3195\">SpVgg F\u00fcrth<\/a> (10) \u2013 <a href=\"http:\/\/spvgg-fuerth.com\/?page_id=3198\">FSV Frankfurt<\/a> (4) | Sonntag, 20.11.2011<\/li>\n<li>16 | D\u00fcsseldorf \u2013 <a href=\"http:\/\/spvgg-fuerth.com\/?p=3202\">SpVgg F\u00fcrth<\/a> (10) | Montag, 28.11.2011<\/li>\n<li>17 | <a href=\"http:\/\/spvgg-fuerth.com\/?p=3210\">SpVgg F\u00fcrth<\/a> (23) \u2013 <a href=\"http:\/\/spvgg-fuerth.com\/?page_id=3213\">Hansa Rostock<\/a> (25) | Samstag, 03.12.2011<\/li>\n<\/ul>\n<p><\/p>\n<h3>Sonstiges<\/h3>\n<ul>\n<li>Schweinfurt \u2013 <a href=\"http:\/\/spvgg-fuerth.com\/?p=3012\">SpVgg F\u00fcrth<\/a> (6) | Samstag, 25.06.2011<\/li>\n<li>DFB-Pokal | Eimsb\u00fctteler TV &#8211; <a href=\"http:\/\/spvgg-fuerth.com\/?p=3082\">SpVgg F\u00fcrth<\/a> (24) | Sonntag, 31.07.2011<\/li>\n<li><a href=\"http:\/\/spvgg-fuerth.com\/?page_id=3148\">Lesung mit Jonas Gabler<\/a> | Freitag, 07.10.2011<\/li>\n<li>DFB-Pokal | <a href=\"http:\/\/spvgg-fuerth.com\/?p=3175\">SpVgg F\u00fcrth<\/a> (14) &#8211; <a href=\"http:\/\/spvgg-fuerth.com\/?page_id=3178\">Paderborn<\/a> (9) | Dienstag, 25.10.2011<\/li>\n<li><a href=\"http:\/\/spvgg-fuerth.com\/?page_id=3205\">Lesung mit Ronny Blaschke<\/a> | Dienstag, 22.11.2011<\/li>\n<li>DFB-Pokal Achtelfinale | DERBY | <a href=\"http:\/\/spvgg-fuerth.com\/?page_id=3239\">N\u00fcrnberg<\/a> (21) \u2013 <a href=\"http:\/\/spvgg-fuerth.com\/?p=3234\">SpVgg F\u00fcrth<\/a> (158) | Dienstag, 20.12.2011<\/li>\n<li>DFB-Pokal Viertelfinale | Hoffenheim \u2013 <a href=\"http:\/\/spvgg-fuerth.com\/?p=3255\">SpVgg F\u00fcrth<\/a> (19) | Mittwoch, 08.02.2012<\/li>\n<li><a href=\"http:\/\/spvgg-fuerth.com\/?p=3291\">Demo Kennzeichnungspflicht<\/a> (50) | Freitag, 16.03.2012<\/li>\n<li>DFB-Pokal Halbfinale | <a href=\"http:\/\/spvgg-fuerth.com\/?p=3299\">SpVgg F\u00fcrth<\/a> (66) &#8211; <a href=\"http:\/\/spvgg-fuerth.com\/?page_id=3315\">Dortmund<\/a> (23) | Dienstag, 20.03.2012<\/li>\n<\/ul><\/div>\n<div class=\"rueckrunde\">\n<h3>R\u00fcckrunde<\/h3>\n<ul>\n<li>18 | Eintracht Frankfurt \u2013 <a href=\"http:\/\/spvgg-fuerth.com\/?p=3219\">SpVgg F\u00fcrth<\/a> (7) | Montag, 12.12.2011<\/li>\n<li>19 | <a href=\"http:\/\/spvgg-fuerth.com\/?p=3226\">SpVgg F\u00fcrth<\/a> (28) \u2013 <a href=\"http:\/\/spvgg-fuerth.com\/?page_id=3229\">Union Berlin<\/a> (12) | Freitag, 16.12.2011<\/li>\n<li>20 | Dynamo Dresden \u2013 <a href=\"http:\/\/spvgg-fuerth.com\/?p=3250\">SpVgg F\u00fcrth<\/a> (7) | Freitag, 03.02.2012<\/li>\n<li>21 | <a href=\"http:\/\/spvgg-fuerth.com\/?p=3260\">SpVgg F\u00fcrth<\/a> (26) \u2013 Paderborn | Sonntag, 12.02.2012<\/li>\n<li>22 | Ingolstadt \u2013 <a href=\"http:\/\/spvgg-fuerth.com\/?p=3266\">SpVgg F\u00fcrth<\/a> (17) | Sonntag, 19.02.2012<\/li>\n<li>23 | <a href=\"http:\/\/spvgg-fuerth.com\/?p=3270\">SpVgg F\u00fcrth<\/a> (27) \u2013 <a href=\"http:\/\/spvgg-fuerth.com\/?page_id=3272\">VfL Bochum<\/a> (19) | Samstag, 25.02.2012<\/li>\n<li>24 | Duisburg \u2013 <a href=\"http:\/\/spvgg-fuerth.com\/?p=3277\">SpVgg F\u00fcrth<\/a> (15) | Freitag, 02.03.2012<\/li>\n<li>25 | <a href=\"http:\/\/spvgg-fuerth.com\/?p=3282\">SpVgg F\u00fcrth<\/a> (24) \u2013 <a href=\"http:\/\/spvgg-fuerth.com\/?p=3285\">Aachen<\/a> (14) | Freitag, 09.03.2012<\/li>\n<li>26 | 1860 M\u00fcnchen \u2013 SpVgg F\u00fcrth | Samstag, 17.03.2012<\/li>\n<li>27 | <a href=\"http:\/\/spvgg-fuerth.com\/?p=3305\">SpVgg F\u00fcrth<\/a> (28) \u2013 <a href=\"http:\/\/spvgg-fuerth.com\/?page_id=3311\">Karlsruher SC<\/a> (15) | Samstag, 24.03.2012<\/li>\n<li>28 | Aue \u2013 <a href=\"http:\/\/spvgg-fuerth.com\/?p=3319\">SpVgg F\u00fcrth<\/a> (13) | Samstag, 31.03.2012<\/li>\n<li>29 | <a href=\"http:\/\/spvgg-fuerth.com\/?p=3325\">SpVgg F\u00fcrth<\/a> (39) \u2013 <a href=\"http:\/\/spvgg-fuerth.com\/?p=3329\">Cottbus<\/a> (7) | Donnerstag, 05.04.2012<\/li>\n<li>30 | Braunschweig \u2013 <a href=\"http:\/\/spvgg-fuerth.com\/?p=3334\">SpVgg F\u00fcrth<\/a> (15) | Dienstag, 10.04.2012<\/li>\n<li>31 | <a href=\"http:\/\/spvgg-fuerth.com\/?p=3338\">SpVgg F\u00fcrth<\/a> (79) \u2013 <a href=\"http:\/\/spvgg-fuerth.com\/?page_id=3341\">St.Pauli<\/a> (26) | Freitag, 13.04.2012<\/li>\n<li>&nbsp;&nbsp;&nbsp;&nbsp;&nbsp;<a href=\"http:\/\/spvgg-fuerth.com\/?p=3347\">Aufstiegsfeier<\/a> (66) | Montag, 16.04.2012<\/li>\n<li>32 | FSV Frankfurt \u2013 <a href=\"http:\/\/spvgg-fuerth.com\/?p=3361\">SpVgg F\u00fcrth<\/a> (58) | Freitag, 20.04.2012<\/li>\n<li>33 | <a href=\"http:\/\/spvgg-fuerth.com\/?p=3368\">SpVgg F\u00fcrth<\/a> (57) \u2013 <a href=\"http:\/\/spvgg-fuerth.com\/?page_id=3379\">D\u00fcsseldorf<\/a> (51) | Sonntag, 29.04.2012<\/li>\n<li>&nbsp;&nbsp;&nbsp;&nbsp;&nbsp;<a href=\"http:\/\/spvgg-fuerth.com\/?p=3374\">Platzsturm<\/a> (53) | <a href=\"http:\/\/spvgg-fuerth.com\/?p=3382\">Aufstiegsfeier am Rathaus<\/a> (76)<\/li>\n<li>34 | Hansa Rostock \u2013 <a href=\"http:\/\/spvgg-fuerth.com\/?p=3396\">SpVgg F\u00fcrth<\/a> (13) | Sonntag, 06.05.2012<\/li>\n<\/ul><\/div>\n","protected":false},"excerpt":{"rendered":"<p>Hinrunde 01 | SpVgg F\u00fcrth (55) &#8211; Eintracht Frankfurt (21) | Freitag, 15.07.2011 02 | Union Berlin &#8211; SpVgg F\u00fcrth (21) | Samstag, 23.07.2011 03 | SpVgg F\u00fcrth (43) \u2013 Dynamo Dresden (24) | Samstag, 06.08.2011 04 | SC Paderborn &#8211; SpVgg F\u00fcrth (11) | Samstag, 13.08.2011 05 | SpVgg F\u00fcrth (28) &#8211; Ingolstadt (4) [&hellip;]<\/p>\n","protected":false},"author":645,"featured_media":0,"parent":0,"menu_order":0,"comment_status":"open","ping_status":"open","template":"","meta":{"footnotes":""},"class_list":["post-3021","page","type-page","status-publish","hentry"],"_links":{"self":[{"href":"https:\/\/spvgg-fuerth.com\/index.php?rest_route=\/wp\/v2\/pages\/3021","targetHints":{"allow":["GET"]}}],"collection":[{"href":"https:\/\/spvgg-fuerth.com\/index.php?rest_route=\/wp\/v2\/pages"}],"about":[{"href":"https:\/\/spvgg-fuerth.com\/index.php?rest_route=\/wp\/v2\/types\/page"}],"author":[{"embeddable":true,"href":"https:\/\/spvgg-fuerth.com\/index.php?rest_route=\/wp\/v2\/users\/645"}],"replies":[{"embeddable":true,"href":"https:\/\/spvgg-fuerth.com\/index.php?rest_route=%2Fwp%2Fv2%2Fcomments&post=3021"}],"version-history":[{"count":98,"href":"https:\/\/spvgg-fuerth.com\/index.php?rest_route=\/wp\/v2\/pages\/3021\/revisions"}],"predecessor-version":[{"id":3463,"href":"https:\/\/spvgg-fuerth.com\/index.php?rest_route=\/wp\/v2\/pages\/3021\/revisions\/3463"}],"wp:attachment":[{"href":"https:\/\/spvgg-fuerth.com\/index.php?rest_route=%2Fwp%2Fv2%2Fmedia&parent=3021"}],"curies":[{"name":"wp","href":"https:\/\/api.w.org\/{rel}","templated":true}]}}